ided by 27016.
10
Calculate the remainder when 100644399 is divided by 100.
99
What is the remainder when 780259 is divided by 957?
304
Calculate the remainder when 1223047 is divided by 67935.
217
Calculate the remainder when 532356 is divided by 16131.
33
Calculate the remainder when 359934 is divided by 261.
15
What is the remainder when 289893489 is divided by 4931?
4930
What is the remainder when 608950 is divided by 1936?
1046
What is the remainder when 968659 is divided by 242163?
7
What is the remainder when 2719293 is divided by 905947?
1452
What is the remainder when 10853913 is divided by 44?
37
Calculate the remainder when 28552 is divided by 13659.
1234
Calculate the remainder when 897426 is divided by 1434.
1176
Calculate the remainder when 1012756 is divided by 1317.
1300
Calculate the remainder when 16040584 is divided by 324.
316
Calculate the remainder when 13672982 is divided by 1075.
57
Calculate the remainder when 56605245 is divided by 3232.
3229
Calculate the remainder when 61574 is divided by 9367.
5372
Calculate the remainder when 207602 is divided by 18.
8
What is the remainder when 1103450 is divided by 3364?
58
What is the remainder when 693898 is divided by 1121?
1120
Calculate the remainder when 14405296 is divided by 160.
16
What is the remainder when 2257 is divided by 379?
362
Calculate the remainder when 63306742 is divided by 812.
786
What is the remainder when 91421916 is divided by 1364506?
14
What is the remainder when 120754 is divided by 40135?
349
What is the remainder when 564902 is divided by 80673?
191
Calculate the remainder when 165237 is divided by 4124.
277
What is the remainder when 73577 is divided by 142?
21
What is the remainder when 6160555 is divided by 377?
375
What is the remainder when 565999 is divided by 469?
385
Calculate the remainder when 3172 is divided by 2404.
768
Calculate the remainder when 82266 is divided by 80498.
1768
What is the remainder when 26652 is divided by 3550?
1802
Calculate the remainder when 63511984 is divided by 1485.
19
What is the remainder when 978046 is divided by 27?
25
What is the remainder when 2343037 is divided by 86779?
4
What is the remainder when 8883 is divided by 5338?
3545
What is the remainder when 86808 is divided by 2060?
288
What is the remainder when 11659945 is divided by 1350?
1345
What is the remainder when 475317 is divided by 31685?
42
What is the remainder when 31026 is divided by 2385?
21
What is the remainder when 654138 is divided by 840?
618
Calculate the remainder when 102494 is divided by 357.
35
What is the remainder when 12591597 is divided by 100?
97
Calculate the remainder when 279621 is divided by 2278.
1705
Calculate the remainder when 189924 is divided by 23348.
3140
What is the remainder when 430827 is divided by 20511?
96
Calculate the remainder when 276439 is divided by 91113.
3100
Calculate the remainder when 3025746 is divided by 70.
66
What is the remainder when 21883283 is divided by 2735405?
43
Calculate the remainder when 204366 is divided by 188.
10
What is the remainder when 3602621 is divided by 2488?
2485
Calculate the remainder when 408959 is divided by 3822.
5
Calculate the remainder when 6086 is divided by 746.
118
Calculate the remainder when 3131503 is divided by 4674.
4597
Calculate the remainder when 654696 is divided by 9.
0
Calculate the remainder when 1364950 is divided by 302.
212
What is the remainder when 9370 is divided by 2963?
481
What is the remainder when 21499032 is divided by 311580?
12
What is the remainder when 101840 is divided by 872?
688
Calculate the remainder when 4086839 is divided by 583.
9
What is the remainder when 215243304 is divided by 139?
136
What is the remainder when 12643375 is divided by 66?
19
What is the remainder when 9888273 is divided by 8712?
153
What is the remainder when 11314436 is divided by 318?
314
Calculate the remainder when 1349182 is divided by 27488.
2270
Calculate the remainder when 3604450 is divided by 1201479.
13
Calculate the remainder when 43360138 is divided by 7226689.
4
Calculate the remainder when 8721316 is divided by 205.
1
Calculate the remainder when 4214707 is divided by 1812.
1807
What is the remainder when 140934755 is divided by 29?
4
What is the remainder when 552517 is divided by 446?
369
What is the remainder when 212554 is divided by 26536?
266
What is the remainder when 28671781 is divided by 349?
35
Calculate the remainder when 14528832 is divided by 3733.
3729
What is the remainder when 23299944 is divided by 45?
24
Calculate the remainder when 903005 is divided by 81973.
1302
What is the remainder when 95794141 is divided by 14?
9
What is the remainder when 75263 is divided by 8620?
6303
What is the remainder when 27045924 is divided by 114?
108
What is the remainder when 9291110 is divided by 424?
422
Calculate the remainder when 504793 is divided by 237.
220
What is the remainder when 867527 is divided by 86706?
467
What is the remainder when 13860823 is divided by 4620239?
106
What is the remainder when 205081688 is divided by 315?
308
What is the remainder when 7252767 is divided by 3?
0
Calculate the remainder when 11154351 is divided by 87.
81
What is the remainder when 10253011 is divided by 590?
581
Calculate the remainder when 934600 is divided by 233533.
468
Calculate the remainder when 5972242 is divided by 627.
67
Calculate the remainder when 1039164532 is divided by 929.
925
Calculate the remainder when 34818523 is divided by 225.
223
Calculate the remainder when 3876550 is divided by 216.
214
What is the remainder when 196949 is divided by 706?
681
Calculate the remainder when 208039 is divided by 182.
13
What is the remainder when 173603 is divided by 57530?
1013
Calculate the remainder when 2120040 is divided by 452.
160
Calculate the remainder when 406437 is divided by 843.
111
What is the remainder when 23910479 is divided by 120?
119
Calculate the remainder when 208425 is divided by 17.
5
Calculate the remainder when 46599268 is divided by 46599259.
9
Calculate the remainder when 360450 is divided by 119932.
654
What is the remainder when 43867344 is divided by 1528?
1520
Calculate the remainder when 31209 is divided by 841.
92
What is the remainder when 2639475 is divided by 20?
15
Calculate the remainder when 2488865 is divided by 911.
13
Calculate the remainder when 2423246 is divided by 65493.
5
Calculate the remainder when 51432 is divided by 25685.
62
What is the remainder when 3484030 is divided by 1610?
1600
What is the remainder when 282198 is divided by 141082?
34
Calculate the remainder when 863298 is divided by 14107.
2771
Calculate the remainder when 2007204 is divided by 8657.
7437
Calculate the remainder when 3187442 is divided by 24326.
736
Calculate the remainder when 1459562 is divided by 29.
21
What is the remainder when 76451 is divided by 210?
11
Calculate the remainder when 14366885 is divided by 2640.
5
Calculate the remainder when 3433304 is divided by 4729.
50
Calculate the remainder when 684642 is divided by 200.
42
What is the remainder when 4877326 is divided by 969?
349
Calculate the remainder when 2252885 is divided by 2252867.
18
Calculate the remainder when 5058491 is divided by 89.
87
Calculate the remainder when 14336 is divided by 439.
288
Calculate the remainder when 900069 is divided by 225009.
33
What is the remainder when 4372502 is divided by 573?
512
Calculate the remainder when 2626665 is divided by 86.
53
Calculate the remainder when 38194522 is divided by 2075.
2072
What is the remainder when 24929382 is divided by 270?
12
Calculate the remainder when 172648 is divided by 3340.
2308
Calculate the remainder when 12756428 is divided by 1041.
14
Calculate the remainder when 8093350 is divided by 705.
655
What is the remainder when 1833726 is divided by 579?
33
What is the remainder when 1206164 is divided by 1206154?
10
Calculate the remainder when 21250594 is divided by 77841.
1
What is the remainder when 7015645 is divided by 8?
5
Calculate the remainder when 108630 is divided by 412.
274
Calculate the remainder when 9875573 is divided by 27.
26
What is the remainder when 738619 is divided by 1397?
1003
Calculate the remainder when 2700682 is divided by 7033.
10